{"id":1174,"date":"2023-05-08T11:26:28","date_gmt":"2023-05-08T04:26:28","guid":{"rendered":"https:\/\/hpcen.vn\/?post_type=product&#038;p=1174"},"modified":"2023-05-08T11:42:22","modified_gmt":"2023-05-08T04:42:22","slug":"nas-luu-tru-du-lieu-synology-ds923","status":"publish","type":"product","link":"https:\/\/hpcen.vn\/?product=nas-luu-tru-du-lieu-synology-ds923","title":{"rendered":"NAS L\u01afU TR\u1eee D\u1eee LI\u1ec6U Synology DS923+"},"content":{"rendered":"<p>Thi\u1ebft b\u1ecb l\u01b0u tr\u1eef NAS Synology DS923+<br \/>\nNAS 4 khay \u1ed5 \u0111\u0129a max 9 \u1ed5 \u0111\u0129a<br \/>\n4GB DDR4 ECC up to 32GB<br \/>\n2 x RJ-45 1GbE<br \/>\nB\u1ea3o h\u00e0nh 36 th\u00e1ng<\/p>\n<p><a href=\"https:\/\/hpcen.vn\/san-pham\/nas-luu-tru-du-lieu-synology-ds923\/\" target=\"_blank\" rel=\"noopener\">Chi ti\u1ebft th\u00f4ng s\u1ed1 k\u1ef9 thu\u1eadt thi\u1ebft b\u1ecb NAS Synology DS923+<\/a><\/p>\n<p><img loading=\"lazy\" decoding=\"async\" class=\"alignnone size-full wp-image-1175\" src=\"https:\/\/hpcen.vn\/wp-content\/uploads\/2023\/05\/HPCEN-DS923.png\" alt=\"\" width=\"668\" height=\"400\" srcset=\"https:\/\/hpcen.vn\/wp-content\/uploads\/2023\/05\/HPCEN-DS923.png 668w, https:\/\/hpcen.vn\/wp-content\/uploads\/2023\/05\/HPCEN-DS923-510x305.png 510w\" sizes=\"auto, (max-width: 668px) 100vw, 668px\" \/><\/p>\n<h3><strong>Thi\u1ebft b\u1ecb l\u01b0u tr\u1eef NAS Synology DS923+\u00a0NAS 4-Bay<\/strong><\/h3>\n<p>N\u1ec1n t\u1ea3ng l\u01b0u tr\u1eef linh ho\u1ea1t cho c\u00e1c doanh nghi\u1ec7p nh\u1ecf v\u00e0 v\u0103n ph\u00f2ng gia \u0111\u00ecnh<\/p>\n<p><strong>Th\u00f4ng s\u1ed1 k\u1ef9 thu\u1eadt NAS Synology DS923+:<\/strong><\/p>\n<ul>\n<li><strong>CPU:<\/strong>\u00a0AMD Ryzen R1600 2-core\/4-Thread 2.6Ghz which can be burst\/turbo to 3.1GHz<\/li>\n<li><strong>RAM:<\/strong>\u00a04GB DDR4 ECC x1 n\u00e2ng c\u1ea5p 32GB<\/li>\n<li><strong>Storage:<\/strong>\u00a04 khay \u1ed5 \u0111\u0129a c\u00f3 th\u1ec3 m\u1edf r\u1ed9ng 9 khay v\u1edbi DX517 x 1<\/li>\n<li><strong>B\u1ed9 nh\u1edb \u0111\u1ec7m:<\/strong>\u00a02 khe (NVMe)<\/li>\n<li><strong>External ports:<\/strong>\u00a02 c\u1ed5ng RJ-45 1GbE LAN, 2 c\u1ed5ng USB 3.2 Gen 1, 1 c\u1ed5ng eSATA<\/li>\n<li><strong>B\u1ea3o h\u00e0nh 36 th\u00e1ng<\/strong><\/li>\n<\/ul>\n<p><strong>N\u00e2ng t\u1ea7m qu\u1ea3n l\u00fd d\u1eef li\u1ec7u<\/strong><\/p>\n<figure id=\"attachment_1178\" aria-describedby=\"caption-attachment-1178\" style=\"width: 552px\" class=\"wp-caption alignnone\"><img loading=\"lazy\" decoding=\"async\" class=\"size-medium wp-image-1178\" src=\"https:\/\/hpcen.vn\/wp-content\/uploads\/2023\/05\/thiet-bi-luu-tru-nas-synology-ds923231-HPCEN-552x400.jpg\" alt=\"\" width=\"552\" height=\"400\" srcset=\"https:\/\/hpcen.vn\/wp-content\/uploads\/2023\/05\/thiet-bi-luu-tru-nas-synology-ds923231-HPCEN-552x400.jpg 552w, https:\/\/hpcen.vn\/wp-content\/uploads\/2023\/05\/thiet-bi-luu-tru-nas-synology-ds923231-HPCEN-510x370.jpg 510w, https:\/\/hpcen.vn\/wp-content\/uploads\/2023\/05\/thiet-bi-luu-tru-nas-synology-ds923231-HPCEN.jpg 600w\" sizes=\"auto, (max-width: 552px) 100vw, 552px\" \/><figcaption id=\"caption-attachment-1178\" class=\"wp-caption-text\">Thi\u1ebft b\u1ecb l\u01b0u tr\u1eef d\u1eef li\u1ec7u NAS Synology DS923+<\/figcaption><\/figure>\n<p>B\u1ed9 nh\u1edb th\u00f4ng minh \u0111a n\u0103ng gi\u00fap b\u1ea1n c\u1ee7ng c\u1ed1 v\u00e0 l\u01b0u tr\u1eef l\u01b0\u1ee3ng d\u1eef li\u1ec7u s\u1ed1 \u0111ang ng\u00e0y m\u1ed9t gia t\u0103ng.<\/p>\n<p><em>Nh\u1ecf g\u1ecdn \u0111\u00e1ng kinh ng\u1ea1c<\/em><br \/>\nCh\u1ee9c n\u0103ng m\u1ea1nh m\u1ebd trong m\u1ed9t k\u00edch th\u01b0\u1edbc nh\u1ecf, c\u00f3 ch\u1ed7 tr\u1ed1ng cho \u1ed5 \u0111\u0129a 10 GbE v\u00e0 NVMe k\u00e9p.<\/p>\n<p><em>H\u1ee3p nh\u1ea5t v\u00e0 chia s\u1ebb<\/em><br \/>\nL\u01b0u tr\u1eef v\u00e0 t\u1ed5 ch\u1ee9c linh ho\u1ea1t 50 TB d\u1eef li\u1ec7u \u0111\u1ec3 chia s\u1ebb v\u1edbi b\u1ea5t k\u1ef3 ai.<\/p>\n<p><em>\u0110\u1ea3m b\u1ea3o an to\u00e0n cho d\u1eef li\u1ec7u<\/em><br \/>\nPh\u1ea7n c\u1ee9ng v\u00e0 ph\u1ea7n m\u1ec1m \u0111\u01b0\u1ee3c thi\u1ebft k\u1ebf \u0111\u1ec3 b\u1ea3o v\u1ec7 d\u1eef li\u1ec7u \u2013 \u0111\u01b0\u1ee3c h\u00e0ng tri\u1ec7u ng\u01b0\u1eddi tin c\u1eady.<\/p>\n<p>&nbsp;<\/p>\n<figure id=\"attachment_1177\" aria-describedby=\"caption-attachment-1177\" style=\"width: 800px\" class=\"wp-caption alignnone\"><img loading=\"lazy\" decoding=\"async\" class=\"size-medium wp-image-1177\" src=\"https:\/\/hpcen.vn\/wp-content\/uploads\/2023\/05\/thiet-bi-luu-tru-nas-synology-ds92330-HPCEN-800x274.jpg\" alt=\"\" width=\"800\" height=\"274\" srcset=\"https:\/\/hpcen.vn\/wp-content\/uploads\/2023\/05\/thiet-bi-luu-tru-nas-synology-ds92330-HPCEN-800x274.jpg 800w, https:\/\/hpcen.vn\/wp-content\/uploads\/2023\/05\/thiet-bi-luu-tru-nas-synology-ds92330-HPCEN-768x263.jpg 768w, https:\/\/hpcen.vn\/wp-content\/uploads\/2023\/05\/thiet-bi-luu-tru-nas-synology-ds92330-HPCEN-510x175.jpg 510w, https:\/\/hpcen.vn\/wp-content\/uploads\/2023\/05\/thiet-bi-luu-tru-nas-synology-ds92330-HPCEN.jpg 1024w\" sizes=\"auto, (max-width: 800px) 100vw, 800px\" \/><figcaption id=\"caption-attachment-1177\" class=\"wp-caption-text\">Thi\u1ebft b\u1ecb l\u01b0u tr\u1eef d\u1eef li\u1ec7u NAS Synology DS923+<\/figcaption><\/figure>\n","protected":false},"excerpt":{"rendered":"<p><strong>Th\u00f4ng s\u1ed1 k\u1ef9 thu\u1eadt NAS Synology DS923+:<\/strong><\/p>\n<ul>\n<li><strong>CPU:<\/strong>\u00a0AMD Ryzen R1600 2-core\/4-Thread 2.6Ghz which can be burst\/turbo to 3.1GHz<\/li>\n<li><strong>RAM:<\/strong>\u00a04GB DDR4 ECC x1 n\u00e2ng c\u1ea5p 32GB<\/li>\n<li><strong>Storage:<\/strong>\u00a04 khay \u1ed5 \u0111\u0129a c\u00f3 th\u1ec3 m\u1edf r\u1ed9ng 9 khay v\u1edbi DX517 x 1<\/li>\n<li><strong>B\u1ed9 nh\u1edb \u0111\u1ec7m:<\/strong>\u00a02 khe (NVMe)<\/li>\n<li><strong>External ports:<\/strong>\u00a02 c\u1ed5ng RJ-45 1GbE LAN, 2 c\u1ed5ng USB 3.2 Gen 1, 1 c\u1ed5ng eSATA<\/li>\n<li><strong>B\u1ea3o h\u00e0nh 36 th\u00e1ng<\/strong><\/li>\n<\/ul>\n","protected":false},"featured_media":1175,"comment_status":"closed","ping_status":"closed","template":"","meta":{"inline_featured_image":false},"product_brand":[],"product_cat":[71,49],"product_tag":[],"yst_prominent_words":[],"class_list":{"0":"post-1174","1":"product","2":"type-product","3":"status-publish","4":"has-post-thumbnail","6":"product_cat-luu-tru-synology","7":"product_cat-thiet-bi-luu-tru","9":"first","10":"instock","11":"sale","12":"shipping-taxable","13":"purchasable","14":"product-type-simple"},"_links":{"self":[{"href":"https:\/\/hpcen.vn\/index.php?rest_route=\/wp\/v2\/product\/1174","targetHints":{"allow":["GET"]}}],"collection":[{"href":"https:\/\/hpcen.vn\/index.php?rest_route=\/wp\/v2\/product"}],"about":[{"href":"https:\/\/hpcen.vn\/index.php?rest_route=\/wp\/v2\/types\/product"}],"replies":[{"embeddable":true,"href":"https:\/\/hpcen.vn\/index.php?rest_route=%2Fwp%2Fv2%2Fcomments&post=1174"}],"wp:featuredmedia":[{"embeddable":true,"href":"https:\/\/hpcen.vn\/index.php?rest_route=\/wp\/v2\/media\/1175"}],"wp:attachment":[{"href":"https:\/\/hpcen.vn\/index.php?rest_route=%2Fwp%2Fv2%2Fmedia&parent=1174"}],"wp:term":[{"taxonomy":"product_brand","embeddable":true,"href":"https:\/\/hpcen.vn\/index.php?rest_route=%2Fwp%2Fv2%2Fproduct_brand&post=1174"},{"taxonomy":"product_cat","embeddable":true,"href":"https:\/\/hpcen.vn\/index.php?rest_route=%2Fwp%2Fv2%2Fproduct_cat&post=1174"},{"taxonomy":"product_tag","embeddable":true,"href":"https:\/\/hpcen.vn\/index.php?rest_route=%2Fwp%2Fv2%2Fproduct_tag&post=1174"},{"taxonomy":"yst_prominent_words","embeddable":true,"href":"https:\/\/hpcen.vn\/index.php?rest_route=%2Fwp%2Fv2%2Fyst_prominent_words&post=1174"}],"curies":[{"name":"wp","href":"https:\/\/api.w.org\/{rel}","templated":true}]}}