{"id":1104,"date":"2022-08-10T11:07:58","date_gmt":"2022-08-10T04:07:58","guid":{"rendered":"https:\/\/hpcen.vn\/?post_type=product&#038;p=1104"},"modified":"2022-08-10T11:07:58","modified_gmt":"2022-08-10T04:07:58","slug":"thiet-bi-luu-tru-mang-ip-san-storage-seagatestorage-nas","status":"publish","type":"product","link":"https:\/\/hpcen.vn\/?product=thiet-bi-luu-tru-mang-ip-san-storage-seagatestorage-nas","title":{"rendered":"Thi\u1ebft B\u1ecb L\u01b0u Tr\u1eef M\u1ea1ng \u2013 Ip San Storage \u2013 SeagateStorage Nas"},"content":{"rendered":"<table border=\"0\" width=\"754\">\n<tbody>\n<tr>\n<td class=\"content_1\" bgcolor=\"#FFFFFF\">Capacity:<\/td>\n<td class=\"content_1\" colspan=\"2\" bgcolor=\"#FFFFFF\">8TB<\/td>\n<\/tr>\n<tr>\n<td><\/td>\n<td class=\"content_1\" bgcolor=\"#FFFFFF\">Hardware:<\/td>\n<td class=\"content_1\" colspan=\"2\" bgcolor=\"#FFFFFF\">CNS3420 Dual Core CPU 700MHz<br \/>\n512MB DRAM<br \/>\nFour (4) Serial ATA II channels<br \/>\nHot swappable\/lockable trays<br \/>\nTwo (2) Ethernet ports<br \/>\nTwo (2) USB 3.0 ports<br \/>\nOne (1) USM port<br \/>\n256MB flash memory for OS<br \/>\nLCD display panel with buttons<\/td>\n<\/tr>\n<tr>\n<td><\/td>\n<td class=\"content_1\" bgcolor=\"#FFFFFF\">Application:<\/td>\n<td class=\"content_1\" colspan=\"2\" bgcolor=\"#FFFFFF\">network storage for up to 50 workstations<\/td>\n<\/tr>\n<tr>\n<td><\/td>\n<td class=\"content_1\" bgcolor=\"#FFFFFF\">Data Sheet:<\/td>\n<td class=\"content_1\" colspan=\"2\" bgcolor=\"#FFFFFF\"><a class=\"content_1_link_oran\" href=\"http:\/\/4rgroup.com\/sanpham\/product-doc\/Seagate-Business-Storage-4bays-DS.pdf\">Business Storage 4-Bay Data Sheet<\/a><\/td>\n<\/tr>\n<tr>\n<td><\/td>\n<td class=\"content_1_link_oran\" bgcolor=\"#FFFFFF\"><\/td>\n<td class=\"content_1\" colspan=\"2\" bgcolor=\"#FFFFFF\"><\/td>\n<\/tr>\n<tr>\n<td><\/td>\n<td colspan=\"3\">\n<h1><img loading=\"lazy\" decoding=\"async\" class=\"lazy-load-active\" src=\"https:\/\/hpcen.vn\/wp-content\/uploads\/2022\/08\/thiet-bi-luu-tru-mang-ip-san-storage-seagatestorage-nas-1104.jpg\" width=\"11\" height=\"11\" data-src=\"https:\/\/hpcen.vn\/wp-content\/uploads\/2022\/08\/thiet-bi-luu-tru-mang-ip-san-storage-seagatestorage-nas-1104.jpg\" \/>\u00a0<span class=\"se_title_page\">Gi\u1edbi thi\u1ec7u chung<\/span><\/h1>\n<p class=\"content_1\">Seagate Business Storage NAS \u0111\u01b0\u1ee3c thi\u1ebft k\u1ebf cho doanh nghi\u1ec7p nh\u1ecf c\u1ea7n l\u01b0u tr\u1eef v\u00e0 chia s\u1ebb th\u00f4ng tin l\u00e0m vi\u1ec7c m\u1ed9t c\u00e1ch t\u1eadp trung, b\u1ea3o m\u1eadt, d\u1ec5 d\u00e0ng tri\u1ec3n khai, sao l\u01b0u d\u1ef1 ph\u00f2ng v\u00e0 qu\u1ea3n l\u00fd. Ngo\u00e0i ra, thi\u1ebft b\u1ecb n\u00e0y c\u0169ng \u0111\u00e1p \u1ee9ng vi\u1ec7c cung c\u1ea5p m\u00f4i tr\u01b0\u1eddng l\u00e0m vi\u1ec7c linh ho\u1ea1t, c\u01a1 \u0111\u1ed9ng d\u1ef1a tr\u00ean m\u00f4 h\u00ecnh \u0111i\u1ec7n to\u00e1n \u0111\u00e1m m\u00e2y b\u1ea3o m\u1eadt \u0111\u01b0\u1ee3c c\u00e1 nh\u00e2n h\u00f3a (secure private cloud) ph\u00f9 h\u1ee3p v\u1edbi nhu c\u1ea7u c\u1ee7a lo\u1ea1i h\u00ecnh doanh nghi\u1ec7p r\u1ea5t n\u0103ng \u0111\u1ed9ng n\u00e0y. Seagate Business Storage NAS c\u0169ng \u0111\u00e1p \u1ee9ng kh\u1ea3 n\u0103ng truy c\u1eadp v\u00e0 x\u1eed l\u00fd th\u00f4ng tin th\u00f4ng qua c\u00e1c thi\u1ebft b\u1ecb c\u1ea7m tay ph\u1ed5 bi\u1ebfn nh\u01b0 iPhone, iPad v\u00e0 t\u1ea5t c\u1ea3 c\u00e1c thi\u1ebft b\u1ecb ch\u1ea1y tr\u00ean n\u1ec1n t\u1ea3ng Android.<\/p>\n<\/td>\n<\/tr>\n<\/tbody>\n<\/table>\n","protected":false},"excerpt":{"rendered":"<p>Capacity: 8TB Hardware: CNS3420 Dual Core CPU 700MHz 512MB DRAM Four (4) Serial ATA II channels Hot swappable\/lockable trays Two (2) Ethernet ports Two (2) USB 3.0 ports One (1) USM port 256MB flash memory for OS LCD display panel with buttons Application: network storage for up to 50 workstations Data Sheet: Business Storage 4-Bay<\/p>\n","protected":false},"featured_media":1106,"comment_status":"closed","ping_status":"closed","template":"","meta":{"inline_featured_image":false},"product_brand":[],"product_cat":[70,49],"product_tag":[],"yst_prominent_words":[],"class_list":{"0":"post-1104","1":"product","2":"type-product","3":"status-publish","4":"has-post-thumbnail","6":"product_cat-luu-tru-seagate","7":"product_cat-thiet-bi-luu-tru","9":"first","10":"instock","11":"shipping-taxable","12":"purchasable","13":"product-type-simple"},"_links":{"self":[{"href":"https:\/\/hpcen.vn\/index.php?rest_route=\/wp\/v2\/product\/1104","targetHints":{"allow":["GET"]}}],"collection":[{"href":"https:\/\/hpcen.vn\/index.php?rest_route=\/wp\/v2\/product"}],"about":[{"href":"https:\/\/hpcen.vn\/index.php?rest_route=\/wp\/v2\/types\/product"}],"replies":[{"embeddable":true,"href":"https:\/\/hpcen.vn\/index.php?rest_route=%2Fwp%2Fv2%2Fcomments&post=1104"}],"wp:featuredmedia":[{"embeddable":true,"href":"https:\/\/hpcen.vn\/index.php?rest_route=\/wp\/v2\/media\/1106"}],"wp:attachment":[{"href":"https:\/\/hpcen.vn\/index.php?rest_route=%2Fwp%2Fv2%2Fmedia&parent=1104"}],"wp:term":[{"taxonomy":"product_brand","embeddable":true,"href":"https:\/\/hpcen.vn\/index.php?rest_route=%2Fwp%2Fv2%2Fproduct_brand&post=1104"},{"taxonomy":"product_cat","embeddable":true,"href":"https:\/\/hpcen.vn\/index.php?rest_route=%2Fwp%2Fv2%2Fproduct_cat&post=1104"},{"taxonomy":"product_tag","embeddable":true,"href":"https:\/\/hpcen.vn\/index.php?rest_route=%2Fwp%2Fv2%2Fproduct_tag&post=1104"},{"taxonomy":"yst_prominent_words","embeddable":true,"href":"https:\/\/hpcen.vn\/index.php?rest_route=%2Fwp%2Fv2%2Fyst_prominent_words&post=1104"}],"curies":[{"name":"wp","href":"https:\/\/api.w.org\/{rel}","templated":true}]}}