{"id":1096,"date":"2022-08-10T10:40:40","date_gmt":"2022-08-10T03:40:40","guid":{"rendered":"https:\/\/hpcen.vn\/?post_type=product&#038;p=1096"},"modified":"2022-08-10T10:40:41","modified_gmt":"2022-08-10T03:40:41","slug":"luu-tru-mang-my-cloud-pr4100","status":"publish","type":"product","link":"https:\/\/hpcen.vn\/?product=luu-tru-mang-my-cloud-pr4100","title":{"rendered":"L\u01b0u tr\u1eef m\u1ea1ng My Cloud Pr4100"},"content":{"rendered":"<p>Thi\u1ebft b\u1ecb l\u01b0u tr\u1eef m\u1ea1ng NAS\u00a0WD My Cloud PR4100\u00a0d\u00f2ng Pro\u00a0Series hi\u1ec7u su\u1ea5t cao\u00a0m\u1ee9c doanh nghi\u1ec7p.<\/p>\n<ul>\n<li>Hi\u1ec7u n\u0103ng cao v\u1edbi c\u1ea5u h\u00ecnh ph\u1ea7n c\u1ee9ng \u0111\u01b0\u1ee3c n\u00e2ng c\u1ea5p so v\u1edbi d\u00f2ng EX, DL tr\u01b0\u1edbc \u0111\u00f3:\u00a0B\u1ed9 x\u1eed l\u00fd Intel Pentium N3710 Quad-core 1.6 GHz, Ram 4GB c\u00f3 th\u1ec3 n\u00e2ng c\u1ea5p t\u1ed1i \u0111a 16GB, 02 Gigabit Ethernet (10\/100\/1000 MB\/s), 3xUSB 3.0 (2 c\u1ed5ng m\u1edf r\u1ed9ng ph\u00eda sau, 1 c\u1ed5ng ph\u00eda tr\u01b0\u1edbc copy tr\u1ef1c ti\u1ebfp t\u1edbi My Cloud), 02 c\u1ed5ng ngu\u1ed3n.<\/li>\n<li>L\u01b0u tr\u1eef &#8211; Truy c\u1eadp &#8211; Chia s\u1ebb h\u00ecnh \u1ea3nh, video, t\u00e0i li\u1ec7u t\u1ea1i nh\u00e0, v\u0103n ph\u00f2ng tr\u00ean ch\u00ednh \u0111\u00e1m m\u00e2y c\u00e1 nh\u00e2n c\u1ee7a b\u1ea1n t\u1eeb m\u00e1y t\u00ednh, laptop, ipad, smartphone t\u1eeb b\u1ea5t k\u1ef3 \u0111\u00e2u c\u00f3 k\u1ebft n\u1ed1i internet m\u00e0 kh\u00f4ng c\u1ea7n tr\u1ea3 chi ph\u00ed h\u00e0ng th\u00e1ng. My Cloud Pro s\u1eed d\u1ee5ng nh\u01b0 m\u1ed9t m\u00e1y ch\u1ee7 media server, t\u00ednh n\u0103ng truy\u1ec1n (stream) h\u00ecnh \u1ea3nh qua Plex Media Server, c\u00e1c thi\u1ebft b\u1ecb h\u1ed7 tr\u1ee3 DLNA, uPnP.<\/li>\n<li>Qu\u1ea3n l\u00fd d\u1eef li\u1ec7u t\u1eadp trung v\u1edbi dung l\u01b0\u1ee3ng l\u1edbn \u0111\u1ebfn 40TB, ph\u00e2n quy\u1ec1n truy c\u1eadp cho ng\u01b0\u1eddi d\u00f9ng; \u0111\u1eb7c bi\u1ec7t t\u00ednh n\u0103ng \u0111\u1ed3ng b\u1ed9 h\u00f3a d\u1eef li\u1ec7u gi\u1eefa m\u00e1y t\u00ednh v\u00e0 My Cloud PR4100, d\u1eef li\u1ec7u c\u1ee7a b\u1ea1n lu\u00f4n \u0111\u01b0\u1ee3c c\u1eadp nh\u1eadt v\u00e0 truy c\u1eadp t\u1eeb t\u1ea5t c\u1ea3 c\u00e1c thi\u1ebft b\u1ecb.<\/li>\n<li>B\u1ea3o m\u1eadt d\u1eef li\u1ec7u: c\u01a1 ch\u1ebf m\u00e3 h\u00f3a 256 AES b\u1ea3o v\u1ec7 d\u1eef li\u1ec7u tr\u00e1nh c\u00e1c truy c\u1eadp tr\u00e1i ph\u00e9p. B\u1ea1n ho\u00e0n to\u00e0n c\u00f3 th\u1ec3 l\u01b0u tr\u1eef n\u1ed9i dung s\u1ed1 c\u1ee7a b\u1ea1n tr\u00ean m\u1ea1ng m\u1ed9t c\u00e1ch an to\u00e0n.<\/li>\n<li>V\u1edbi hai khay \u1ed5 c\u1ee9ng b\u00ean trong,\u00a0My Cloud PR4100c\u00f3 c\u00e1c t\u00f9y ch\u1ecdn qu\u1ea3n l\u00fd \u1ed5 \u0111\u0129a bao g\u1ed3m RAID 0, RAID 1, RAID 5, 10, JBOD v\u00e0 spanning; l\u1ef1a ch\u1ecdn b\u1ea3o v\u1ec7 d\u1eef li\u1ec7u bao g\u1ed3m sao l\u01b0u\u00a0sao l\u01b0u n\u1ed9i b\u1ed9, qua USB, t\u1eeb xa t\u1edbi m\u1ed9t m\u00e1y ch\u1ee7 kh\u00e1c, sau l\u01b0u l\u00ean c\u00e1c d\u1ecbch v\u1ee5 (ElephantDrive, Amazon S3). My Cloud Pro c\u0169ng cung c\u1ea5p gi\u1ea3i ph\u00e1p sao l\u01b0u t\u1eeb camera gi\u00e1m s\u00e1t, cho ph\u00e9p t\u00edch h\u1ee3p v\u00e0o c\u00e1c h\u1ec7 th\u1ed1ng gi\u00e1m s\u00e1t.<\/li>\n<li>T\u00ednh n\u0103ng n\u00e2ng cao: g\u1ed3m\u00a0\u0111\u1ea7y \u0111\u1ee7 c\u00e1c t\u00ednh n\u0103ng c\u1ee7a d\u00f2ng\u00a0Nas WD My Cloud\u00a0tr\u01b0\u1edbc \u0111\u00f3. D\u00f2ng \u1ed5 c\u1ee9ng m\u1ea1ng 4 khay \u1ed5 \u0111\u0129a d\u1ec5 d\u00e0ng th\u00e1o l\u1eafp v\u1edbi t\u00ednh n\u0103ng Hotswap c\u1eafm n\u00f3ng \u1ed5 c\u1ee9ng. T\u00edch h\u1ee3p c\u00e1c d\u1ecbch v\u1ee5 n\u00e2ng cao File server, FTP server, Backup server, P2P download.<\/li>\n<li>H\u1ed7 tr\u1ee3 iSCSI, volume virtualization, iPv4\/iPv6, Active Directory hay \u0111\u01b0\u1ee3c t\u00edch h\u1ee3p c\u00e1c \u1ee9ng d\u1ee5ng c\u1ee7a b\u00ean th\u1ee9 3: \u1ee9ng d\u1ee5ng n\u1ed5i ti\u1ebfng h\u00e0ng \u0111\u1ea7u bao g\u1ed3m: aMule, Transmission, Icecast, Joomla, phpBB, phpMyAdmin v\u00e0 SqueezeCenter.<\/li>\n<\/ul>\n<div class=\"ddict_btn\" style=\"top: 225px; left: 772.156px;\"><img decoding=\"async\" src=\"https:\/\/hpcen.vn\/wp-content\/uploads\/2022\/08\/luu-tru-mang-my-cloud-pr4100-1096.jpg\" \/><\/div>\n","protected":false},"excerpt":{"rendered":"<p>Thi\u1ebft b\u1ecb l\u01b0u tr\u1eef m\u1ea1ng NAS\u00a0WD My Cloud PR4100\u00a0d\u00f2ng Pro\u00a0Series hi\u1ec7u su\u1ea5t cao\u00a0m\u1ee9c doanh nghi\u1ec7p. Hi\u1ec7u n\u0103ng cao v\u1edbi c\u1ea5u h\u00ecnh ph\u1ea7n c\u1ee9ng \u0111\u01b0\u1ee3c n\u00e2ng c\u1ea5p so v\u1edbi d\u00f2ng EX, DL tr\u01b0\u1edbc \u0111\u00f3:\u00a0B\u1ed9 x\u1eed l\u00fd Intel Pentium N3710 Quad-core 1.6 GHz, Ram 4GB c\u00f3 th\u1ec3 n\u00e2ng c\u1ea5p t\u1ed1i \u0111a 16GB, 02 Gigabit Ethernet (10\/100\/1000 MB\/s),<\/p>\n","protected":false},"featured_media":1097,"comment_status":"closed","ping_status":"closed","template":"","meta":{"inline_featured_image":false},"product_brand":[],"product_cat":[67,49],"product_tag":[68],"yst_prominent_words":[],"class_list":{"0":"post-1096","1":"product","2":"type-product","3":"status-publish","4":"has-post-thumbnail","6":"product_cat-luu-tru-wd","7":"product_cat-thiet-bi-luu-tru","8":"product_tag-my-cloud-pr4100","10":"first","11":"instock","12":"sale","13":"shipping-taxable","14":"purchasable","15":"product-type-simple"},"_links":{"self":[{"href":"https:\/\/hpcen.vn\/index.php?rest_route=\/wp\/v2\/product\/1096","targetHints":{"allow":["GET"]}}],"collection":[{"href":"https:\/\/hpcen.vn\/index.php?rest_route=\/wp\/v2\/product"}],"about":[{"href":"https:\/\/hpcen.vn\/index.php?rest_route=\/wp\/v2\/types\/product"}],"replies":[{"embeddable":true,"href":"https:\/\/hpcen.vn\/index.php?rest_route=%2Fwp%2Fv2%2Fcomments&post=1096"}],"wp:featuredmedia":[{"embeddable":true,"href":"https:\/\/hpcen.vn\/index.php?rest_route=\/wp\/v2\/media\/1097"}],"wp:attachment":[{"href":"https:\/\/hpcen.vn\/index.php?rest_route=%2Fwp%2Fv2%2Fmedia&parent=1096"}],"wp:term":[{"taxonomy":"product_brand","embeddable":true,"href":"https:\/\/hpcen.vn\/index.php?rest_route=%2Fwp%2Fv2%2Fproduct_brand&post=1096"},{"taxonomy":"product_cat","embeddable":true,"href":"https:\/\/hpcen.vn\/index.php?rest_route=%2Fwp%2Fv2%2Fproduct_cat&post=1096"},{"taxonomy":"product_tag","embeddable":true,"href":"https:\/\/hpcen.vn\/index.php?rest_route=%2Fwp%2Fv2%2Fproduct_tag&post=1096"},{"taxonomy":"yst_prominent_words","embeddable":true,"href":"https:\/\/hpcen.vn\/index.php?rest_route=%2Fwp%2Fv2%2Fyst_prominent_words&post=1096"}],"curies":[{"name":"wp","href":"https:\/\/api.w.org\/{rel}","templated":true}]}}