{"id":1078,"date":"2022-08-09T10:44:10","date_gmt":"2022-08-09T03:44:10","guid":{"rendered":"https:\/\/hpcen.vn\/?post_type=product&#038;p=1078"},"modified":"2022-08-09T10:44:37","modified_gmt":"2022-08-09T03:44:37","slug":"server-dell-poweredge-r540","status":"publish","type":"product","link":"https:\/\/hpcen.vn\/?product=server-dell-poweredge-r540","title":{"rendered":"Server Dell PowerEdge R540"},"content":{"rendered":"<ul>\n<li>Server Dell PowerEdge R540<\/li>\n<li><strong>CPU<\/strong>: Up to two 2nd Generation Intel\u00ae Xeon\u00ae Scalable processors<\/li>\n<li><strong>RAM<\/strong>: 16 DDR4 DIMM slots, Supports RDIMM \/LRDIMM<\/li>\n<li><strong>HDD<\/strong>: Up to 12 x 3.5\u201d SAS\/SATA HDD max 192TB<\/li>\n<li><strong>RAID Controller<\/strong>: PERC H330, H730P, H740P, HBA330<\/li>\n<li><strong>PSU<\/strong>: 2x Hot plug power supplies<\/li>\n<li><strong>Form Factor<\/strong>: Rack Server (2U)<\/li>\n<li>Dell PE R540 l\u00e0 d\u00f2ng m\u00e1y ch\u1ee7 rackmount 2U c\u1ee7a Dell EMC.<\/li>\n<li>C\u00f3 2 form factor l\u00e0 d\u1ea1ng c\u00f3 8\u00d73.5\u2033 v\u00e0 12\u00d73.5 \u1ed5 c\u1ee9ng \u1edf m\u1eb7t tr\u01b0\u1edbc. V\u1ec1 m\u1eb7t n\u1ea1 bezel m\u1eb7t tr\u01b0\u1edbc, c\u00f3 th\u1ec3 t\u00f9y ch\u1ecdn 2 d\u1ea1ng l\u00e0 khung bezel th\u00f4ng th\u01b0\u1eddng ho\u1eb7c khung bezel c\u00f3 m\u1eb7t LCD hi\u1ec3n th\u1ecb c\u00e1c th\u00f4ng tin.<\/li>\n<li>\u00a0H\u1ec7 th\u1ed1ng \u0111\u00e8n c\u1ea3nh b\u00e1o tr\u1ea1ng th\u00e1i v\u00e0 iDRAC Quick Sync 2.<\/li>\n<li>B\u00ean c\u1ea1nh ph\u1ea3i l\u00e0 n\u00fat ngu\u1ed3n, 2 \u1ed5 USB 2.0, 1 c\u1ed5ng iDRAC Direct v\u00e0 1 c\u1ed5ng VGA.<\/li>\n<li>M\u1eb7t sau: 1 c\u1ed5ng COM, 1 c\u1ed5ng VGA, 2 c\u1ed5ng USB 3.0, 1 c\u1ed5ng iDRAC9 Enterprise v\u00e0 2 c\u1ed5ng m\u1ea1ng 1GbE. c\u1ee5m ngu\u1ed3n, DEll PowerEdge R540 ch\u1ec9 c\u00f3 1 ngu\u1ed3n \u0111\u01a1n hot-plug c\u00f4ng su\u1ea5t 750W<\/li>\n<\/ul>\n<p>B\u1ea3o h\u00e0nh 12 TH\u00c1NG<\/p>\n","protected":false},"excerpt":{"rendered":"<p>Server Dell PowerEdge R540 CPU: Up to two 2nd Generation Intel\u00ae Xeon\u00ae Scalable processors RAM: 16 DDR4 DIMM slots, Supports RDIMM \/LRDIMM HDD: Up to 12 x 3.5\u201d SAS\/SATA HDD max 192TB RAID Controller: PERC H330, H730P, H740P, HBA330 PSU: 2x Hot plug power supplies Form Factor: Rack Server (2U) Dell PE R540 l\u00e0 d\u00f2ng<\/p>\n","protected":false},"featured_media":1079,"comment_status":"closed","ping_status":"closed","template":"","meta":{"inline_featured_image":false},"product_brand":[],"product_cat":[64,51],"product_tag":[],"yst_prominent_words":[],"class_list":{"0":"post-1078","1":"product","2":"type-product","3":"status-publish","4":"has-post-thumbnail","6":"product_cat-dell","7":"product_cat-may-chu-mang","9":"first","10":"instock","11":"sale","12":"shipping-taxable","13":"purchasable","14":"product-type-simple"},"_links":{"self":[{"href":"https:\/\/hpcen.vn\/index.php?rest_route=\/wp\/v2\/product\/1078","targetHints":{"allow":["GET"]}}],"collection":[{"href":"https:\/\/hpcen.vn\/index.php?rest_route=\/wp\/v2\/product"}],"about":[{"href":"https:\/\/hpcen.vn\/index.php?rest_route=\/wp\/v2\/types\/product"}],"replies":[{"embeddable":true,"href":"https:\/\/hpcen.vn\/index.php?rest_route=%2Fwp%2Fv2%2Fcomments&post=1078"}],"wp:featuredmedia":[{"embeddable":true,"href":"https:\/\/hpcen.vn\/index.php?rest_route=\/wp\/v2\/media\/1079"}],"wp:attachment":[{"href":"https:\/\/hpcen.vn\/index.php?rest_route=%2Fwp%2Fv2%2Fmedia&parent=1078"}],"wp:term":[{"taxonomy":"product_brand","embeddable":true,"href":"https:\/\/hpcen.vn\/index.php?rest_route=%2Fwp%2Fv2%2Fproduct_brand&post=1078"},{"taxonomy":"product_cat","embeddable":true,"href":"https:\/\/hpcen.vn\/index.php?rest_route=%2Fwp%2Fv2%2Fproduct_cat&post=1078"},{"taxonomy":"product_tag","embeddable":true,"href":"https:\/\/hpcen.vn\/index.php?rest_route=%2Fwp%2Fv2%2Fproduct_tag&post=1078"},{"taxonomy":"yst_prominent_words","embeddable":true,"href":"https:\/\/hpcen.vn\/index.php?rest_route=%2Fwp%2Fv2%2Fyst_prominent_words&post=1078"}],"curies":[{"name":"wp","href":"https:\/\/api.w.org\/{rel}","templated":true}]}}